 10 = 0. Let k(y) = -4*y - 7. Let m be k(d). Is 3/(3 - 38/m) prime?
False
Suppose -v = -2*c + 83, -221 = 2*c - 7*c - 2*v. Let q = 40 + c. Is q prime?
True
Let y be ((-52)/(-5))/(1/15). Suppose r - 181 = y. Is r composite?
False
Let h = 10228 + -6710. Is h composite?
True
Let k(g) = 392*g**3 + 17*g**2 - 30*g - 1. Is k(2) prime?
False
Suppose -2*b - o = -5*b + 2968, -988 = -b - o. Is b a composite number?
True
Let z = -423817 - -293323. Is 6/16 + z/(-48) a prime number?
True
Let v(j) = j**3 - 8*j**2 - 8*j - 6. Let r be v(9). Suppose -2*g + 2*h = -1092, g = 2*h - r*h + 536. Is g prime?
True
Let j be 65/20 - (3 + (-33)/12). Suppose -3*m - 207 = -j*q, q + 2*q + m - 227 = 0. Is q composite?
True
Suppose -3*j = 2*w - 27394, 13*j - w + 18264 = 15*j. Is j prime?
False
Let x = 18955 - -13972. Is x composite?
True
Suppose -21 - 8 = 2*b + 5*z, 5*b + 2*z = -20. Let k be 1/((b/(-6))/(-1)). Let r(s) = -28*s - 7. Is r(k) prime?
False
Is (-10)/40*6542*-2 a prime number?
True
Let r(o) = 80*o - 31. Let v be r(9). Suppose 1378 = 2*j - 0*f + f, j + 2*f = v. Is j prime?
False
Suppose h + 4*t = 13454 + 17540, 30996 = h + 5*t. Is h a prime number?
False
Let r be 10/15*(-9)/(-2). Suppose -r*q + 4*q = 0. Suppose 5*b - 107 = 4*f, 5*f + 3 - 13 = q. Is b composite?
False
Is (20692/21)/((-1)/(-3)*2) composite?
True
Suppose w + 14 = -6*w. Let k be 4/8*(w + 2). Suppose k = -3*q + 125 + 40. Is q composite?
True
Let l be 7086*(42/(-4))/(-7). Suppose z - 2117 = 3*p, 8*p - 4*p + l = 5*z. Is z composite?
False
Suppose 0 = v - 3, -g + 3 = 3*g - 3*v. Let r(j) = 113*j - 2. Is r(g) prime?
True
Let f be -9 - (-6)/(2/1). Let o be 0*(-5 + 2)/f. Suppose -q - 6*r + 2*r = -171, q + 3*r - 175 = o. Is q prime?
False
Suppose -4*z + 1 = f + 67, -f - 3*z = 65. Let h = -35 - f. Is 8/(-36) - (-4029)/h composite?
False
Let q(z) = -22*z + 7*z**2 + 5*z**2 - 2*z - 19*z - 13. Is q(-14) composite?
True
Suppose p + 4 - 3 = 0, 0 = a + 4*p - 4. Is 5/(20/a) + 1359 composite?
False
Let h(z) = 24*z**3 + 3*z**2 - 13*z + 11. Is h(3) prime?
True
Suppose -i - 3*q = -8*q + 54, -4*i - 4*q = 96. Let j = -48 - i. Let l = 6 - j. Is l a composite number?
True
Let b = -17 + -52. Let c be 63 - (3 - 1) - 3. Let t = c - b. Is t a prime number?
True
Suppose 4 = -5*a + 24. Let k(l) be the second derivative of l**5/20 + l**4/6 + l**3/6 + 3*l**2 - l. Is k(a) prime?
False
Suppose -5*w - 53 + 63 = 0. Suppose -w*g = -4*z - 40, 3 = -g + 7. Is -2439*(-3 + z/(-3)) a prime number?
False
Let z(p) = 20*p**2 - 4*p + 5. Let i(g) = -2*g - 2. Let a be i(1). Is z(a) composite?
True
Let d(c) be the third derivative of c**5/60 - c**4/8 + c**3/3 - 4*c**2. Let m be d(1). Suppose 1688 = 8*i - m*i. Is i prime?
True
Let o(m) = m**2 + 2*m + 3. Let f be o(-2). Suppose -3*n - 5 = -3*s + 7, 3*s = -f*n. Suppose 4*b = -4*v + 1928, 0 = s*b - v - 3*v - 982. Is b a composite number?
True
Suppose 5*h - 181116 - 38149 = 0. Is h a prime number?
True
Let q(i) = 157*i + 7. Let m be q(6). Suppose 0 = -3*w - 2*d + 4*d - 1386, 0 = 4*w - d + 1853. Let s = w + m. Is s a prime number?
False
Let g(h) be the second derivative of -11*h**6/360 - h**5/30 + h**4/3 + 5*h. Let u(a) be the third derivative of g(a). Is u(-3) a prime number?
False
Suppose 0 = -2*v - 61 + 10251. Is v a prime number?
False
Let x = 11 - 8. Let n be 6 - 0 - -2 - x. Suppose n*v - a - a = 587, -2*a = 3*v - 365. Is v composite?
True
Suppose 3*b + 2*b = -1550. Let c = -204 - b. Suppose x - c = -x. Is x a prime number?
True
Suppose 199 = 3*a - 536. Let o = -152 + a. Is o a composite number?
True
Suppose 0 = -11*j + 598 + 3703. Is j a prime number?
False
Let w = -295 + 1356. Is w composite?
False
Is 2 + (5270 - (5 + -1)) - -1 a prime number?
False
Let o be (20*4)/(44/66). Let p(z) = 209*z. Let w be p(1). Let i = w - o. Is i a prime number?
True
Suppose 6*z - 5*z - 14 = 0. Suppose 0*k - 2*k = 3*a - z, -7 = -k - 4*a. Suppose -k*s = -3*s - 220. Is s composite?
True
Let g(m) = 750*m**2 - 10*m + 219. Is g(13) a composite number?
False
Suppose 10 = 2*w - 4. Let j(t) = -7*t - 9. Let s(p) = 3*p + 4. Let a(m) = 2*j(m) + 5*s(m). Is a(w) a prime number?
False
Let v(s) be the third derivative of -s**5/60 - s**4/12 + s**3/2 + 4*s**2. Let o be v(2). Is -2 + (23 - (-3 - o)) a composite number?
False
Suppose 0 = -7*v - 7435 + 56470. Suppose 5*f + 2*i - 11671 = 0, f + v = 4*f + 2*i. Is f prime?
True
Suppose -3*u = -r + 3622 + 5401, -5*r + 45143 = -u. Is r prime?
True
Is 1/(-3 - (-38442)/12813) prime?
True
Suppose 0 = -17*d + 29*d - 81660. Is d prime?
False
Let c = 1215 + -796. Is c a prime number?
True
Suppose -2*a + 5*d = -10788, -16177 = -15*a + 12*a + 5*d. Is a composite?
True
Let f(b) = 96*b - 5. Let x be f(-3). Let g = 702 + x. Is g a prime number?
True
Let i(q) = -377*q - 16. Let d be i(8). Let v = d + 6183. Is v a prime number?
False
Let o(c) be the third derivative of 11*c**4/12 + 29*c**3/6 + 11*c**2. Is o(14) a composite number?
False
Suppose -p - 3*h + 79288 = 0, 10*p - 79263 = 9*p + 2*h. Is p composite?
False
Let s(r) = -5992*r - 3. Is s(-1) prime?
False
Let s(a) = 340*a**2 + 44*a + 323. Is s(-8) a prime number?
False
Let z = 2 + 1. Suppose 4*v = 4, -z*v - 1 = -2*c - 0*v. Suppose -6*p = -3*p - 2*l - 1199, -1580 = -4*p - c*l. Is p composite?
False
Let o = -543 + -743. Let q = -655 - o. Is q a composite number?
False
Let q(j) = j + 3. Let g be q(-3). Suppose g*t - 9 = 3*t. Is 3*10 - (t + 2) a prime number?
True
Suppose -6 + 16 = -5*i. Let v be 0*(3 + i)/(-2). Suppose -t - 5*h = -152, v = 3*h - 3 - 12. Is t prime?
True
Let x(a) = 17*a**3 - 13*a**2 - 19*a + 8. Is x(7) a composite number?
True
Let q(v) = 18*v + 2843. Is q(0) a composite number?
False
Let f = 2562 + -47. Is (-1)/(-1) + f + 5 composite?
False
Let r(a) = 246*a**2 - 2*a - 1. Let q(l) = -2*l**2 - 12*l + 13. Let k be q(-7). Is r(k) a composite number?
True
Let f(m) = m**2 + 8*m - 1. Let r be f(-9). Let x = r + -9. Is x - (-1 + 25)*-4 a composite number?
True
Suppose 208431 = -11*k + 20*k. Is k composite?
False
Let a(d) = -d**2 + d - 1. Let z(r) = 7*r**2 - 5*r + 11. Let f(m) = -4*a(m) + z(m). Is f(-12) a prime number?
False
Let g(m) = 476*m**3 - 6*m + 3. Let l(k) = 2381*k**3 - 30*k + 16. Let p(t) = -11*g(t) + 2*l(t). Is p(-2) composite?
False
Let b(n) = 16*n**2 - 3*n**3 - 7*n**2 + 3*n**2 + 11*n + 9. Let y(d) = -d**3 + d**2 + d - 1. Let m(k) = b(k) - 2*y(k). Is m(8) a prime number?
True
Let i = 3180 + -1631. Let d = -804 + i. Is d composite?
True
Let x = 6 - -2. Let c = -1 + x. Is c composite?
False
Let q(a) = -202*a - 11. Let h(v) = 607*v + 34. Let g(t) = 2*h(t) + 7*q(t). Is g(-4) a composite number?
True
Suppose -k - 5*d = -5*k + 6922, 3472 = 2*k + 3*d. Is k a prime number?
True
Let t(y) = -6 + 2*y + 9*y - 2 - 1. Is t(8) composite?
False
Let j = -3 - -7. Suppose g + 21 = j*g. Is 374/g - 6/14 a prime number?
True
Let l = -4863 - -15661. Is l prime?
False
Let x be 8/4*(-9)/(-6). Suppose 0 = 3*c - f - 862, -5*f = -x*f + 2. Let v = c - 126. Is v prime?
False
Let f be (-3 + 2)/((-1)/5). Suppose 154 = 3*v + 2*b, 2*b - 282 = -f*v + 5*b. Let h = -1 + v. Is h a composite number?
False
Suppose 20*m = 23*m - 3057. Suppose 2*z - 258 - m = -5*x, 2*x - 530 = 4*z. Is x prime?
True
Let s = -16317 - -33548. Is s prime?
True
Let z be 4/2*-1*398/4. Let n = -78 - z. Is n a composite number?
True
Let f = 8006 + -4489. Suppose -x + 2 = -0, 3*x + f = u. Is u a composite number?
True
Suppose -14*d = -87468 + 32350. Is d composite?
True
Suppose 3*n = -2*n. Suppose 5*u = -5*g + 20, -g + 3*g - u - 14 = n. Let h(o) = o**3 - 2*o**2 - 2*o - 5. Is h(g) composite?
False
Suppose 0 = d + 2*v - 9805, 0 = 5*d - 5*v - 44536 - 4534. Is d prime?
True
Let g be 5 - (-2 - (0 + -2)). Suppose g*z - 3274 = 1036. Is z a prime number?
False
Suppose -56*i + 44*i + 420276 = 0. Is i a composite number?
False
Let o = 3579 - 2320. Suppose 9*d = 4*d - 2*y + o, -5*d = 4*y - 1253. Is d composite?
True
Is (-169478)/(-3) - (-14)/6 a composite number?
True
Let f(m) = -13*m**3 - 19*m**2 - m - 11. Is f(-8) a prime number?
True
Let s = -38 + 36. Is (166/(-4))/(s/4) prime?
True
Suppose -q + m + m + 6 = 0, -2*m = 2. Suppose -d - 4*t = 12, -q*d = -5*t + 3 + 3. Let j(o) = -28*o + 1. Is j(d) a prime number?
True
Let f = 4253 + 2748. Is f a prime number?
True
Suppose 2*g = -2*w + 2942, 5*w - g - 2162 - 5211 = 0. S